e
Is 151067486 a multiple of 3207?
False
Does 1049 divide 130286849?
True
Does 8 divide 109563880?
True
Is 400799016 a multiple of 648?
True
Is 757894930 a multiple of 3389?
False
Is 266119340 a multiple of 3?
False
Does 284 divide 53727129?
False
Does 36 divide 57616308?
True
Does 24 divide 192668619?
False
Does 6 divide 8580004?
False
Is 341 a factor of 67115075?
False
Does 8 divide 32946213?
False
Is 70888654 a multiple of 358?
True
Is 59 a factor of 14239001?
True
Is 169520274 a multiple of 99?
True
Does 536 divide 160922250?
False
Is 170 a factor of 94308520?
True
Is 41803664 a multiple of 1502?
True
Is 17385358 a multiple of 369?
False
Is 817 a factor of 2165306987?
False
Is 115674090 a multiple of 1094?
True
Does 134 divide 3854633682?
True
Does 49 divide 798073200?
False
Is 539 a factor of 1140099022?
False
Is 124 a factor of 28448824?
True
Is 285 a factor of 36297603?
False
Is 1533595282 a multiple of 260?
False
Is 148215258 a multiple of 747?
True
Is 5061810 a multiple of 3?
True
Is 24 a factor of 1402723451?
False
Does 515 divide 26334300?
False
Does 11 divide 10763643?
True
Is 244585316 a multiple of 46?
False
Is 3 a factor of 21217041?
True
Does 26 divide 50918920?
True
Is 13 a factor of 77036011?
True
Is 2796 a factor of 10992551?
False
Does 8 divide 3164664?
True
Is 631 a factor of 236711322?
False
Does 15 divide 175752375?
True
Is 141 a factor of 433271591?
False
Does 28 divide 34827814?
False
Is 982 a factor of 2810334736?
True
Does 673 divide 57220514?
False
Is 33053134 a multiple of 82?
True
Is 82 a factor of 188882654?
True
Does 39 divide 906748089?
True
Does 23 divide 28214330?
True
Is 4 a factor of 885496?
True
Is 261 a factor of 1701432378?
True
Is 13 a factor of 3799113607?
False
Is 10831440 a multiple of 217?
False
Is 1510072419 a multiple of 16?
False
Is 8 a factor of 43082656?
True
Is 66 a factor of 6604540?
False
Does 111 divide 1201055853?
True
Is 78927853 a multiple of 769?
True
Is 34632460 a multiple of 835?
True
Does 696 divide 45189888?
True
Does 9 divide 4486779?
True
Does 27 divide 125156242?
False
Is 3751347 a multiple of 3?
True
Is 247 a factor of 62017016?
False
Is 459063735 a multiple of 61?
True
Does 205 divide 27179925?
True
Is 404 a factor of 30418372?
True
Does 14 divide 2852824979?
False
Does 1108 divide 155314434?
False
Does 172 divide 1233786492?
False
Does 259 divide 39201673?
False
Does 508 divide 61617099?
False
Does 37 divide 792448166?
True
Is 32726818 a multiple of 843?
False
Is 562 a factor of 580001961?
False
Is 82 a factor of 763502?
True
Is 3139219616 a multiple of 459?
False
Does 28 divide 148829688?
True
Is 8516256 a multiple of 228?
True
Is 222790 a multiple of 6?
False
Is 436565184 a multiple of 264?
True
Is 13853152 a multiple of 79?
False
Does 216 divide 473061600?
True
Is 151701452 a multiple of 1965?
False
Is 61400196 a multiple of 40?
False
Does 717 divide 904808829?
True
Is 17166720 a multiple of 1920?
True
Is 2313134837 a multiple of 135?
False
Is 944357495 a multiple of 3234?
False
Is 466009004 a multiple of 1067?
False
Is 3101824350 a multiple of 1395?
True
Is 41711370 a multiple of 283?
True
Is 58081747 a multiple of 15?
False
Is 20847288 a multiple of 14?
True
Is 234818655 a multiple of 90?
False
Is 2438 a factor of 1502692701?
False
Does 9 divide 16122531?
False
Is 2253 a factor of 500371688?
False
Is 305538254 a multiple of 95?
False
Is 137 a factor of 47039951?
False
Does 8 divide 7489552?
True
Is 45054235 a multiple of 446?
False
Is 65 a factor of 1002688067?
False
Does 20 divide 36853620?
True
Does 11 divide 3602862076?
True
Is 5 a factor of 498187?
False
Is 7914 a factor of 434431116?
True
Is 41788504 a multiple of 45?
False
Is 3765 a factor of 119745999?
False
Is 335 a factor of 38297870?
True
Is 17581772 a multiple of 3?
False
Is 913 a factor of 197219869?
True
Is 1937 a factor of 1753278562?
False
Is 146309311 a multiple of 13?
False
Is 45527936 a multiple of 64?
True
Is 11 a factor of 16123635?
True
Is 838676368 a multiple of 136?
True
Is 3 a factor of 7424349?
True
Is 5 a factor of 36732900?
True
Does 1165 divide 102794132?
False
Is 2748040060 a multiple of 20?
True
Is 28317688 a multiple of 29?
True
Does 19 divide 1042194447?
False
Is 11665 a factor of 1176174909?
False
Is 14 a factor of 308049421?
False
Is 2728178240 a multiple of 10?
True
Is 40 a factor of 197683613?
False
Is 14941512 a multiple of 12?
True
Is 5 a factor of 3795955567?
False
Is 91466247 a multiple of 546?
False
Does 7 divide 402174710?
True
Is 15 a factor of 18101205?
True
Is 2340 a factor of 737869860?
True
Is 6 a factor of 573384403?
False
Is 628 a factor of 61353088?
True
Does 67 divide 15224368?
False
Is 46 a factor of 29809996?
False
Does 1609 divide 142262953?
True
Is 207091456 a multiple of 286?
True
Is 21766717 a multiple of 12?
False
Does 9 divide 9250091?
False
Is 2499858 a multiple of 102?
False
Does 2149 divide 434358029?
True
Is 6219 a factor of 570133767?
False
Does 329 divide 41486618?
False
Does 372 divide 35470200?
True
Does 8 divide 498916276?
False
Does 2903 divide 143181766?
True
Does 4 divide 9034024?
True
Is 103213034 a multiple of 9?
False
Is 1780 a factor of 1703236579?
False
Is 2045618778 a multiple of 294?
True
Does 121 divide 704806557?
False
Is 80908485 a multiple of 1462?
False
Is 1167985219 a multiple of 1307?
False
Does 70 divide 47666108?
False
Is 4233185 a multiple of 121?
True
Does 349 divide 25522370?
True
Is 14 a factor of 1740845862?
True
Is 55 a factor of 34731125?
True
Is 9788844 a multiple of 1056?
False
Does 1509 divide 6236272971?
True
Is 178 a factor of 176109106?
True
Does 10 divide 65566740?
True
Is 196468 a multiple of 4?
True
Is 33708028 a multiple of 1015?
False
Is 10764012 a multiple of 12?
True
Does 31 divide 2084102596?
True
Does 2398 divide 30537157?
False
Does 9 divide 82260873?
True
Is 21419100 a multiple of 25?
True
Is 11 a factor of 222805649?
True
Is 194349308 a multiple of 17?
False
Does 18 divide 16124994?
True
Is 76723554 a multiple of 382?
True
Does 3165 divide 836835495?
True
Is 415444917 a multiple of 4031?
False
Is 2776 a factor of 2451208?
True
Is 286 a factor of 17948502?
True
Is 445 a factor of 111719476?
False
Is 47606179 a multiple of 1977?
False
Does 92 divide 1670714?
False
Is 27 a factor of 45414?
True
Is 12971420 a multiple of 28?
True
Is 129114583 a multiple of 484?
False
Does 9763 divide 4889342750?
False
Is 171050880 a multiple of 2310?
True
Is 15397185 a multiple of 19?
False
Is 40 a factor of 90094840?
True
Is 7638211 a multiple of 22?
False
Is 150 a factor of 89736441?
False
Is 626 a factor of 251798362?
False
Does 30 divide 7711474?
False
Does 64 divide 1212944421?
False
Is 187 a factor of 52748586?
True
Is 20 a factor of 1476511468?
False
Is 1011 a factor of 22126702?
False
Does 930 divide 27406684?
False
Is 48 a factor of 3720166?
False
Does 46 divide 21276023?
False
Is 386 a factor of 16036501?
False
Is 1356689984 a multiple of 16?
True
Is 309 a factor of 4471655096?
False
Is 1630952187 a multiple of 1197?
False
Is 10 a factor of 430539206?
False
Does 94 divide 829918374?
False
Does 10 divide 440805065?
False
Does 33 divide 917501453?
False
Is 449 a factor of 154926379?
False
Is 3646 a factor of 63269038?
True
Does 75 divide 1229240377?
False
Does 71 divide 12273202?
True
Is 193803437 a multiple of 7207?
True
Does 24 divide 38889768?
True
Does 28 divide 798956529?
False
Does 440 divide 133098240?
True
Does 428 divide 24699452?
True
Is 25153150 a multiple of 950?
True
Is 1550621653 a multiple of 135?
False
Does 599 divide 35822195?
False
Is 5 a factor of 155629388?
False
Is 99 a factor of 3177918401?
False
Is 557 a factor of 43627582?
True
Is 34 a factor of 8530831?
False
Is 44485560 a multiple of 126?
True
Is 4 a factor of 23838147?
False
Is 53221500 a multiple of 6?
True
Does 142 divide 302915764?
False
Is 67 a factor of 2841287559?
True
Is 4 a factor of 61050544?
True
Is 18 a factor of 32238966?
False
Is 418 a factor of 145687630?
True
Does 96 divide 46280594?
False
Does 47 divide 5383991?
True
Is 1421 a factor of 55916390?
False
Is 1684 a factor of 177903929?
False
Is 6 a factor of 42644888?
False
Does 8218 divide 1045967274?
False
Is 2 a factor of 14264318?
True
Is 138273280 a multiple of 2731?
False
Do